. Calculate the highest common divisor of m and 396.
11
Let z = -392 + 1404. What is the greatest common divisor of 22 and z?
22
Suppose 3*g - 75 = 93. Suppose -g = -11*x + 10. Let m = -102 - -168. Calculate the greatest common factor of m and x.
6
Suppose 0 = 3*i + 4*x - 130, 2*i + 43*x = 44*x + 83. Calculate the greatest common factor of i and 1162.
14
Suppose -18*l + 13*l = -4*r - 91, -17 = -l + 2*r. What is the highest common factor of l and 9?
1
Let g = 83 - 56. Let t = 5356 - -2388. Let o be -1 + t/26 - 8/(-52). Calculate the highest common divisor of o and g.
27
Suppose 0 = -27*c + 1510 + 623. Calculate the highest common divisor of 316 and c.
79
Let h be 3/((-6)/4 + 0)*-1. Let t be 193 - (h + 8/4). Calculate the highest common factor of 27 and t.
27
Let p = 920 + -731. Calculate the greatest common factor of p and 783.
27
Let j(o) = -o**2 + 68*o + 3275. Let x be j(-32). Let k = 36 - 11. Calculate the greatest common factor of x and k.
25
Suppose -6*k = k + 98. Let x be ((-2)/k)/(7/49). Calculate the highest common factor of 11 and x.
1
Suppose 0 = -13*p + 8*p. Suppose p = -4*m + l + 51, 1 = -4*l + 21. Calculate the highest common factor of m and 56.
14
Let k(d) = 2*d + 10. Suppose 10 = -4*z + 38. Let s be k(z). Suppose 4*r = 2*u - 3*u + 12, 0 = -u + 3*r + 33. What is the greatest common divisor of u and s?
24
Suppose 1 = -s - 5. Let p(n) = -5 + 3*n + 9 + 5 - 4*n. Let f be p(s). What is the highest common factor of 15 and f?
15
Suppose -5*p = 4*d - 41, -d - p - 1 = -2*p. Suppose 4*m - 5*c + 22 = -97, d*m = c - 123. Let o = 43 + m. What is the highest common divisor of 24 and o?
12
Let k = 170 - 161. Suppose 3*f = 4*f - 4, 4*b + 2*f - 296 = 0. What is the greatest common divisor of b and k?
9
Suppose 0 = -5*y + 3*y + 4*y. Suppose -154 = -4*k - 3*h, k = -y*k - h + 38. What is the highest common divisor of k and 8?
8
Suppose -2*l - 9*l + 2310 = 0. Calculate the highest common divisor of l and 20.
10
Let w = -459 - -509. What is the greatest common factor of w and 1200?
50
Let h(r) = -2*r**3 - 9*r**2 - 8*r + 10. Let i be h(-5). Calculate the greatest common divisor of i and 675.
75
Let g(v) = 160*v**3 - v**2 + 4*v - 2. Let c be g(1). What is the greatest common factor of c and 7?
7
Suppose 0 = 6*c - 9 - 3. Suppose 0*i - c*i - 66 = -2*s, s = -2*i + 24. Calculate the highest common factor of 270 and s.
30
Let t = -17 - -38. Let n(r) = -r**3 + 4*r**2 + 3. Let x be n(4). Suppose -a + 672 = x*a. What is the highest common divisor of t and a?
21
Let g = 14 - 10. Suppose 2*s - 344 = -2*q, q - g = -3*q. Calculate the highest common factor of 19 and s.
19
Suppose -40 = 4*v - 24, 5*m - 30 = -5*v. What is the highest common divisor of m and 1530?
10
Let o be 4/10 + (-17540)/(-25). Suppose -4*n - 122 = 4*j - o, -n + 155 = 3*j. What is the greatest common factor of n and 20?
20
Let u be (0 + -1144)/((-58)/29). Calculate the greatest common factor of u and 44.
44
Let d(h) = -h**3 + h**2 + 20*h + 64. Let a be d(0). Calculate the highest common factor of 88 and a.
8
Let d be (-2)/(-11) + (-26)/22. Let t be d/(-3*(-2)/(-1542)). Suppose -t = -2*x + 15. What is the greatest common divisor of 17 and x?
17
Suppose 48*l = 60*l - 4320. Calculate the highest common factor of 135 and l.
45
Let g = 174 - 104. Calculate the highest common divisor of g and 14.
14
Let r(o) = 6*o**2 + 4*o + 8. Let i be r(-7). Let u = 439 - i. Suppose m - 4*g - 10 = 21, 2*g = m - 23. Calculate the highest common factor of m and u.
15
Suppose 2*p - 146 = 4*l, -10*p + 184 = -7*p + l. What is the greatest common divisor of 77 and p?
7
Suppose 4*a - 148 = 4*z, 3*a = 4*z - 15 + 124. Let n = 26 + -25. Let y(w) = 13*w**3 + w**2 - w. Let i be y(n). What is the highest common divisor of a and i?
13
Let v be 2 - (4/22 - 30/165). What is the greatest common divisor of 225 and v?
1
Suppose 102*y + 9728 = 121*y. Calculate the greatest common divisor of y and 8.
8
Suppose -i - 3*i = 244. Let t = -50 - i. Calculate the highest common factor of t and 121.
11
Suppose -4*d = -w + 16, 0*d = 5*d. Suppose 32 = 6*f - w. What is the greatest common factor of 1 and f?
1
Let j(x) = 16*x - 7. Let v be j(-3). Let h be 2 + 6/(-3) - v. Calculate the highest common factor of 11 and h.
11
Let p be (-4 - 84/(-20))*35. Suppose -2*x + 18 + p = 3*s, -2*x + 23 = s. Calculate the greatest common divisor of x and 11.
11
Let i = -48 - -50. Suppose 3*s - d = 31, i*d + 2*d + 14 = s. What is the greatest common divisor of 30 and s?
10
Let s(r) = -r**3 - 9*r**2 - 8*r. Let j be s(-8). Let z(k) = k**2 - 2*k + 13. Let c be z(j). What is the greatest common factor of c and 39?
13
Let s(t) = -4*t - 3 + 0*t - 4*t + 4*t. Let n be s(-6). Let f(v) = 5*v**2 + 11*v + 35. Let z be f(-5). Calculate the highest common factor of n and z.
21
Let r be 4/(-14) + (-115)/(-35). Suppose 0 = -2*t, u + r*t - 2 - 7 = 0. Let j be ((-15)/u)/((-1)/3). What is the greatest common factor of j and 55?
5
Let f be ((-8)/(-6))/(((-40)/1605)/(-4)). Suppose -3*k + 5*y + 131 = -0*y, 0 = -5*k + 4*y + f. Calculate the highest common factor of 14 and k.
14
Let x = 809 - 521. What is the highest common factor of x and 36?
36
Let c = -90 + 114. Let s = -55 + 91. Calculate the highest common factor of s and c.
12
Let n = 14 - 7. Let c = 44 + -46. Let q be (-7)/(n/c) - -11. Calculate the greatest common divisor of q and 52.
13
Let n(t) be the first derivative of 2*t**3/3 - 11*t**2/2 - 9*t - 22. Let c be n(7). Calculate the highest common factor of c and 48.
12
Let d(u) = u**3 + 9*u**2 - 13*u - 20. Let y = 23 + -33. Let f be d(y). What is the highest common divisor of f and 5?
5
Let y be 2 + -7 - (3 - 6). Let n(q) = q**3 + 2*q**2 - 3*q - 1. Let w be n(y). Suppose 0 = 3*g - 5*g + 60. What is the highest common factor of w and g?
5
Let n be 3*((-80)/6)/(-8). Suppose 0 = n*h - 5, -4*b + 5*b = -h + 71. Calculate the greatest common factor of b and 14.
14
Let l = -17 - -20. Suppose l*t + 0 = -3. Let w be t*-2*73 + -1. What is the greatest common divisor of w and 29?
29
Let z(y) = 3*y**2 + 3*y - 1. Let p be z(-7). Suppose -147*i + 161*i = 350. What is the highest common divisor of i and p?
25
Let j(f) = 2*f - 1. Let r be j(2). Suppose a + 6 = r*a. Suppose a*z = -0*z + 48. Calculate the highest common factor of z and 112.
16
Let g = 5078 + -5054. Let r(z) = -11*z + 3. Let m be r(-3). What is the highest common factor of m and g?
12
Let l = -992 - -1052. Let n be (-2 + 2)*-1 - -40. Calculate the greatest common factor of l and n.
20
Let n = -53 - -81. Suppose -3*b = -0*b + 3. Let j be ((-5)/15 - b)*6. Calculate the greatest common factor of j and n.
4
Suppose -26*n + 77 = 2*u - 27*n, -5*n = -u + 34. Let m(c) = -90*c + 3. Let i be m(-3). Calculate the greatest common factor of u and i.
39
Let g = 14 - 10. Let s = -34 - -36. Let l be s/4 - 45/(-6). What is the greatest common divisor of l and g?
4
Let w(d) = d**2 + 16*d + 25. Let v be w(-25). Calculate the greatest common divisor of v and 10.
10
Suppose 2*s - 3*u + 29 - 115 = 0, -u + 38 = s. Calculate the greatest common divisor of s and 200.
40
Let t(i) = -280*i - 112. Let c be t(-1). What is the greatest common factor of c and 588?
84
Let l(h) = -2*h**2 - 3*h + 3. Let y be l(-3). Let o(w) = w**3 + 7*w**2 + 7*w + 8. Let b be o(y). Let n = 1 + 1. Calculate the greatest common factor of n and b.
2
Suppose 0 = -8*z + 12*z - 5*w - 1703, 3*z = 4*w + 1276. What is the highest common factor of 96 and z?
48
Let q = 301 - 267. Calculate the highest common factor of 34 and q.
34
Suppose -3*h = -3*p + 6, -5*p - 7 = -h - 25. Suppose p*s = 2*s + 116. Calculate the highest common divisor of 29 and s.
29
Let s = 48 + -46. Suppose 4*h + s*t - 6*t + 4 = 0, 0 = -4*h + 2*t + 2. What is the greatest common factor of h and 22?
2
Let p be (-72)/16*32/(-12). Calculate the highest common factor of p and 36.
12
Let n(x) = 36 - 6*x + 27 - 72. Let q be n(-3). Calculate the highest common factor of 45 and q.
9
Suppose 0 = m - 62 + 22. Let c(g) = -5*g - 20. Suppose -4*o + 6*o = -10. Let n be c(o). Calculate the highest common factor of n and m.
5
Let l = -44 - -91. Suppose y - 4*g + 5 = -6, -3*y - 4*g = -l. What is the greatest common factor of 99 and y?
9
Let k be 20150/52 - 1*(-1)/(-2). Calculate the highest common divisor of 9 and k.
9
Let l be 241/(-1